
Is 26 a factor of 5005728?
True
Is 140958 a multiple of 455?
False
Does 42 divide 85396?
False
Is 792460 a multiple of 10?
True
Is 23 a factor of 144924?
False
Is 1536780 a multiple of 2?
True
Is 603570 a multiple of 177?
True
Is 341 a factor of 1398782?
True
Does 103 divide 676287?
False
Does 9 divide 316501?
False
Is 1011 a factor of 2400114?
True
Does 2 divide 23041?
False
Is 407767 a multiple of 8?
False
Is 15 a factor of 4929840?
True
Does 532 divide 168390?
False
Does 21 divide 5943168?
True
Does 57 divide 3330420?
False
Is 5 a factor of 49045?
True
Does 28 divide 71615?
False
Is 36 a factor of 503028?
True
Is 4683756 a multiple of 77?
True
Is 152238 a multiple of 6?
True
Does 34 divide 3835902?
False
Is 17 a factor of 128444?
False
Does 7 divide 76188?
True
Is 79 a factor of 908105?
True
Is 4 a factor of 125144?
True
Does 52 divide 74204?
True
Does 655 divide 162028?
False
Is 142 a factor of 157762?
True
Is 37 a factor of 67214?
False
Is 66 a factor of 369006?
True
Is 9 a factor of 20170242?
True
Is 538 a factor of 1719357?
False
Does 4 divide 14505?
False
Does 578 divide 2853008?
True
Is 3128895 a multiple of 49?
True
Is 20 a factor of 1179200?
True
Is 17287 a multiple of 37?
False
Is 40225 a multiple of 5?
True
Is 423897 a multiple of 96?
False
Is 337840 a multiple of 36?
False
Is 16135080 a multiple of 20?
True
Does 26 divide 6952218?
True
Does 9 divide 2390652?
True
Is 92 a factor of 369472?
True
Does 23 divide 11981068?
True
Does 12 divide 3786552?
True
Is 2353732 a multiple of 578?
False
Is 17 a factor of 3401513?
True
Is 2656966 a multiple of 120?
False
Is 18 a factor of 245808?
True
Does 534 divide 431864?
False
Is 23400 a multiple of 229?
False
Is 14 a factor of 188594?
True
Is 12 a factor of 99663?
False
Does 280 divide 6083127?
False
Does 3 divide 136566?
True
Does 6 divide 29298?
True
Is 15 a factor of 2865225?
True
Does 20 divide 286400?
True
Does 489 divide 6759936?
True
Does 12 divide 1300471?
False
Does 64 divide 1348690?
False
Is 256 a factor of 1061384?
False
Does 81 divide 388556?
False
Is 29954 a multiple of 24?
False
Is 341379 a multiple of 9?
True
Does 237 divide 6904223?
False
Is 3782288 a multiple of 148?
True
Is 45 a factor of 1127145?
False
Is 114 a factor of 74442?
True
Is 33 a factor of 1907598?
True
Does 27 divide 1906674?
False
Does 344 divide 17042519?
False
Is 3677145 a multiple of 231?
False
Is 8 a factor of 105451?
False
Does 91 divide 821457?
True
Is 1882029 a multiple of 641?
False
Does 14 divide 334740?
True
Does 19 divide 104161?
False
Does 7 divide 2375?
False
Is 10 a factor of 5991350?
True
Is 21 a factor of 1312796?
False
Is 58 a factor of 10831384?
True
Does 55 divide 2467284?
False
Is 682975 a multiple of 5?
True
Is 103916 a multiple of 83?
True
Does 7 divide 1158?
False
Is 124 a factor of 1921256?
True
Does 58 divide 241512?
True
Is 201 a factor of 269340?
True
Is 2615280 a multiple of 170?
True
Does 1125 divide 19648980?
False
Is 196 a factor of 4206748?
True
Is 780 a factor of 2593048?
False
Is 147 a factor of 317073?
False
Is 2 a factor of 9704?
True
Is 92442 a multiple of 31?
True
Is 137 a factor of 32469?
True
Does 22 divide 4555626?
False
Is 204 a factor of 2807325?
False
Does 96 divide 898473?
False
Is 187 a factor of 386155?
True
Is 992314 a multiple of 9?
False
Does 64 divide 10796672?
True
Does 808 divide 2374712?
True
Is 19 a factor of 86045?
False
Is 5 a factor of 6011763?
False
Does 9 divide 424998?
True
Is 75 a factor of 150750?
True
Is 56574 a multiple of 2?
True
Does 22 divide 11478497?
False
Does 16 divide 33446?
False
Does 143 divide 12473461?
True
Does 54 divide 903027?
False
Is 4060437 a multiple of 21?
False
Is 599104 a multiple of 92?
True
Does 133 divide 45087?
True
Does 75 divide 228519?
False
Is 251468 a multiple of 27?
False
Is 42 a factor of 84405?
False
Does 21 divide 384930?
True
Is 278 a factor of 3969562?
True
Does 9 divide 7063092?
True
Is 7 a factor of 533551?
False
Is 558848 a multiple of 74?
True
Is 4098276 a multiple of 162?
True
Does 456 divide 3210184?
False
Does 368 divide 592112?
True
Does 16 divide 377145?
False
Is 134396 a multiple of 168?
False
Does 95 divide 8740?
True
Is 121 a factor of 37294?
False
Does 9 divide 4254367?
False
Is 114 a factor of 2180706?
True
Is 26 a factor of 19641313?
False
Is 9 a factor of 737830?
False
Is 20 a factor of 774353?
False
Does 565 divide 11783640?
True
Does 142 divide 759558?
True
Is 585745 a multiple of 34?
False
Is 27733 even?
False
Does 219 divide 785334?
True
Does 251 divide 3353744?
False
Is 11 a factor of 12409694?
True
Does 29 divide 154698?
False
Is 311405 a multiple of 39?
False
Does 103 divide 42476?
False
Is 94 a factor of 194674?
True
Does 54 divide 22078332?
True
Is 44 a factor of 1255684?
False
Is 245752 a multiple of 14?
False
Is 50 a factor of 690100?
True
Is 899783 a multiple of 437?
True
Is 25 a factor of 5601291?
False
Is 87 a factor of 619323?
False
Is 321222 even?
True
Does 78 divide 210678?
True
Is 11 a factor of 29071?
False
Does 90 divide 503100?
True
Does 94 divide 16961908?
False
Does 81 divide 68862?
False
Is 1394738 a multiple of 206?
False
Is 780351 a multiple of 299?
False
Is 509453 a multiple of 731?
False
Does 83 divide 55874?
False
Is 174939 a multiple of 9?
False
Is 319228 a multiple of 28?
True
Does 715 divide 18109229?
False
Is 6 a factor of 2073212?
False
Is 258905 a multiple of 53?
True
Is 2 a factor of 3336?
True
Is 128620 a multiple of 10?
True
Is 320977 a multiple of 585?
False
Is 153 a factor of 72020?
False
Is 5347563 a multiple of 317?
False
Does 17 divide 98617?
True
Is 587 a factor of 1980492?
False
Is 13 a factor of 496962?
False
Does 301 divide 403942?
True
Does 291 divide 806652?
True
Is 4804350 a multiple of 150?
True
Is 19868668 a multiple of 468?
False
Is 105032 a multiple of 19?
True
Does 112 divide 323839?
False
Is 27 a factor of 3363660?
True
Does 8 divide 446623?
False
Is 129 a factor of 3505281?
False
Is 358775 a multiple of 15?
False
Is 6 a factor of 47519?
False
Is 2337362 a multiple of 134?
True
Is 3278051 a multiple of 7?
True
Does 383 divide 304318?
False
Is 102 a factor of 130597?
False
Is 41108 a multiple of 8?
False
Is 63 a factor of 448308?
True
Is 81 a factor of 408402?
True
Is 29 a factor of 26796?
True
Is 185440 a multiple of 244?
True
Is 27907892 a multiple of 616?
False
Is 539 a factor of 12953557?
False
Does 460 divide 56580?
True
Does 9 divide 263105?
False
Is 17 a factor of 958988?
False
Is 188 a factor of 361638?
False
Is 4704074 a multiple of 501?
False
Is 102353 a multiple of 7?
False
Is 2617927 a multiple of 428?
False
Is 280130 a multiple of 257?
True
Does 45 divide 270?
True
Is 9041 a multiple of 407?
False
Does 3 divide 1245464?
False
Does 17 divide 12698416?
False
Is 72 a factor of 386424?
True
Is 18126022 a multiple of 1621?
True
Does 329 divide 15121179?
False
Does 277 divide 203887?
False
Is 31350 a multiple of 55?
True
Does 73 divide 3418968?
False
Is 1937312 a multiple of 32?
True
Is 2002748 a multiple of 22?
True
Is 38 a factor of 110652?
False
Does 84 divide 69552?
True
Is 49244 a multiple of 101?
False
Does 10 divide 9863900?
True
Is 9026150 a multiple of 185?
True
Is 21 a factor of 169210?
False
Is 3 a factor of 2673623?
False
Is 185744 a multiple of 313?
False
Is 8 a factor of 3113383?
False
Is 312 a factor of 6552?
True
Is 117936 a multiple of 91?
True
Does 155 divide 206305?
True
Does 25 divide 113250?
True
Is 1174 a factor of 5919308?
True
Is 1640169 a multiple of 291?
False
Does 101 divide 456116?
True
Is 35 a factor of 219455?
False
Is 7 a factor of 21731?
False
Is 380 a factor of 674874?
False
Is 4 a factor of 64660?
True
Is 4177383 a multiple of 67?
True
Is 11 a factor of 231688?
False
Does 396 divide 2312205?
False
Does 83 divide 444797?
True
Does 44 divide 7184980?
True
Is 373650 a multiple of 47?
True
Is 1292072 a multiple of 8?
True
Does 64 divide 22765?
False
Is 127 a factor of 624713?
True
Does 382 divide 2422543?
False
Does 5 divide 4313?
False
Does 11 divide 274840?
False
Is 3497920 a multiple of 40?
True
Does 474 divide 10317062?
False
Is 1007222 a multiple of 618?
False
Is 870 a factor of 1588646?
False
Is 513581 a multiple of 509?
True
Is 19 a factor of 12628?
False
Does 530 divide 774574?
False
Is 174